rime factors of 929000762.
2, 464500381
What are the prime factors of 1875308019?
3, 13, 71, 223, 3037
What are the prime factors of 175595001?
3, 58531667
What are the prime factors of 430532114?
2, 4363, 49339
List the prime factors of 11085766.
2, 137, 40459
What are the prime factors of 4089437531?
103, 1789, 22193
What are the prime factors of 134811286?
2, 1933, 34871
List the prime factors of 4068543109.
47, 86564747
What are the prime factors of 15179433?
3, 97, 52163
What are the prime factors of 5089462633?
47, 108286439
List the prime factors of 648863107.
71, 9138917
What are the prime factors of 135673114?
2, 47, 1443331
What are the prime factors of 2703186352?
2, 168949147
What are the prime factors of 1380335232?
2, 3, 3594623
List the prime factors of 509102610.
2, 3, 5, 37, 458651
What are the prime factors of 4295273278?
2, 17, 59, 2141213
What are the prime factors of 260590763?
443, 588241
What are the prime factors of 82809716?
2, 11, 1882039
What are the prime factors of 2575244586?
2, 3, 31, 47, 223, 1321
What are the prime factors of 582888711?
3, 199, 761, 1283
List the prime factors of 4311920893.
7, 1021, 603319
List the prime factors of 373314842.
2, 4877, 38273
What are the prime factors of 610194637?
13, 46938049
What are the prime factors of 332161410?
2, 3, 5, 7, 1581721
List the prime factors of 68176145.
5, 2833, 4813
List the prime factors of 2466991353.
3, 877, 937663
List the prime factors of 80517128.
2, 1607, 6263
List the prime factors of 453003354.
2, 3, 23, 121579
What are the prime factors of 945922901?
7, 11, 43, 40813
What are the prime factors of 55986131?
397, 141023
What are the prime factors of 4240775553?
3, 7, 12253, 16481
What are the prime factors of 557515986?
2, 3, 17, 421, 12983
What are the prime factors of 117195396?
2, 3, 23, 61, 6961
What are the prime factors of 304198017?
3, 17, 1283, 4649
List the prime factors of 387172616.
2, 23, 173, 12163
List the prime factors of 50295935.
5, 1423, 7069
What are the prime factors of 734825541?
3, 293, 835979
What are the prime factors of 594567492?
2, 3, 49547291
What are the prime factors of 313470819?
3, 149, 233759
What are the prime factors of 2769658381?
7, 421, 939823
What are the prime factors of 63870382?
2, 2297, 13903
What are the prime factors of 975622028?
2, 383, 636829
List the prime factors of 13072343.
13072343
What are the prime factors of 1494919230?
2, 3, 5, 7, 7118663
What are the prime factors of 2297642698?
2, 13, 227, 389299
List the prime factors of 6162019520.
2, 5, 19256311
List the prime factors of 145118763.
3, 5374769
List the prime factors of 27116812.
2, 6779203
What are the prime factors of 402990593?
17, 23705329
What are the prime factors of 2691028714?
2, 11, 1627, 75181
List the prime factors of 132025220.
2, 5, 6601261
What are the prime factors of 90456547?
257, 351971
What are the prime factors of 370989063?
3, 1217, 33871
List the prime factors of 2151756754.
2, 7, 11047, 13913
What are the prime factors of 2172013304?
2, 1201, 226063
List the prime factors of 70968620.
2, 5, 61, 58171
List the prime factors of 68322982.
2, 7, 13, 67, 431
What are the prime factors of 98960355?
3, 5, 13, 139, 1217
List the prime factors of 1344690763.
13, 29, 3566819
List the prime factors of 71050901.
71050901
What are the prime factors of 319217175?
3, 5, 193, 7351
List the prime factors of 4408867.
4408867
List the prime factors of 40185181.
40185181
What are the prime factors of 48046736?
2, 29, 103549
What are the prime factors of 42073376?
2, 199, 6607
What are the prime factors of 690901665?
3, 5, 1663, 27697
What are the prime factors of 2458151418?
2, 3, 29, 47, 300581
List the prime factors of 128032486.
2, 64016243
List the prime factors of 24268303.
127, 191089
What are the prime factors of 89555595?
3, 5, 5970373
What are the prime factors of 58013071?
401, 144671
List the prime factors of 653351043.
3, 19, 11462299
What are the prime factors of 9721299?
3, 7, 449, 1031
What are the prime factors of 9666233?
23, 420271
List the prime factors of 1274687597.
3947, 322951
List the prime factors of 114482498.
2, 13, 67, 65719
What are the prime factors of 503539577?
19, 26502083
What are the prime factors of 389973782?
2, 11, 2833, 6257
List the prime factors of 248491457.
248491457
What are the prime factors of 556895851?
307, 1813993
What are the prime factors of 889282888?
2, 13, 61, 140177
List the prime factors of 1959487380.
2, 3, 5, 53, 205397
What are the prime factors of 4539003665?
5, 7, 107, 1212017
What are the prime factors of 1734074538?
2, 3, 7, 239, 172751
What are the prime factors of 199971120?
2, 3, 5, 53, 79, 199
List the prime factors of 81484864.
2, 31, 67, 613
List the prime factors of 32818396.
2, 13, 19, 59, 563
List the prime factors of 754576102.
2, 7, 463, 116411
What are the prime factors of 240172046?
2, 19, 6320317
What are the prime factors of 43654783?
37, 1179859
List the prime factors of 520189616.
2, 827, 39313
List the prime factors of 722171564.
2, 59, 911, 3359
List the prime factors of 62975164.
2, 7, 2249113
List the prime factors of 1550937876.
2, 3, 129244823
What are the prime factors of 935104?
2, 19, 769
What are the prime factors of 3070361921?
11, 29, 53, 181603
What are the prime factors of 3851963321?
8461, 455261
What are the prime factors of 2140460222?
2, 1070230111
List the prime factors of 634262858.
2, 23, 2287, 6029
List the prime factors of 276801235.
5, 55360247
What are the prime factors of 111251474?
2, 55625737
List the prime factors of 575774836.
2, 7, 13, 17, 93047
List the prime factors of 81414326.
2, 7, 17, 342077
What are the prime factors of 1946085575?
5, 7, 1319, 8431
What are the prime factors of 270096790?
2, 5, 607, 44497
What are the prime factors of 584314909?
107, 1619, 3373
List the prime factors of 11563270.
2, 5, 1156327
What are the prime factors of 56372396?
2, 173, 81463
List the prime factors of 235602401.
113, 2084977
What are the prime factors of 55122042?
2, 3, 9187007
What are the prime factors of 121972411?
11, 59, 163, 1153
What are the prime factors of 341207923?
7, 6963427
What are the prime factors of 284452171?
2441, 116531
List the prime factors of 138906379.
1327, 104677
What are the prime factors of 219810?
2, 3, 5, 17, 431
List the prime factors of 6385706.
2, 1289, 2477
What are the prime factors of 722435496?
2, 3, 47, 640457
What are the prime factors of 47657615?
5, 9531523
What are the prime factors of 274426610?
2, 5, 1051, 26111
List the prime factors of 1724808367.
61, 28275547
What are the prime factors of 8761097?
1567, 5591
What are the prime factors of 79761738?
2, 3, 7, 1899089
What are the prime factors of 179038386?
2, 3, 109, 91253
What are the prime factors of 441168707?
7, 97, 101, 919
List the prime factors of 1520741439.
3, 7, 23, 349837
What are the prime factors of 43547993?
23, 1893391
What are the prime factors of 353208?
2, 3, 14717
What are the prime factors of 407883529?
89, 811, 5651
List the prime factors of 81812802.
2, 3, 13635467
What are the prime factors of 60307430?
2, 5, 6030743
What are the prime factors of 689684892?
2, 3, 13, 829, 5333
What are the prime factors of 18286130?
2, 5, 79, 293
List the prime factors of 1161442775.
5, 73, 636407
List the prime factors of 647581290.
2, 3, 5, 43, 502001
What are the prime factors of 59289242?
2, 109, 271969
List the prime factors of 519423725.
5, 1481, 14029
What are the prime factors of 255121339?
11, 23192849
List the prime factors of 265400818.
2, 23, 5769583
What are the prime factors of 32419519?
11, 47, 73, 859
List the prime factors of 37798936.
2, 7, 23, 29347
What are the prime factors of 4009831842?
2, 3, 668305307
What are the prime factors of 39337954?
2, 19668977
What are the prime factors of 22971947?
17, 1351291
What are the prime factors of 3442173115?
5, 688434623
What are the prime factors of 28972518?
2, 3, 947, 5099
What are the prime factors of 9848112?
2, 3, 199, 1031
List the prime factors of 269104568.
2, 311, 108161
List the prime factors of 1596934774.
2, 43, 83, 409, 547
What are the prime factors of 913957380?
2, 3, 5, 7, 19, 38177
List the prime factors of 323581721.
323581721
List the prime factors o